k(6).
2
Let p(h) = h - 2*h**2 - 6*h + 3*h**2 + 2 - 9. Let a(x) = -3*x - 4. Let w be a(-3). Determine p(w).
-7
Let f(b) = -b + 8. Let q be 0/((-6)/(4 - 7)). Calculate f(q).
8
Let k(x) = -x**2 - 3*x - 1. Let u be k(0). Let s(q) = 13*q**2 + 4*q + 3. Let v(y) = -14*y**2 - 5*y - 4. Let l(z) = -3*s(z) - 2*v(z). Determine l(u).
-10
Let r(s) = s**2 + s**2 - 3*s**2 - 4 + s. Suppose -12 = -3*i, 2*l - 10 - 10 = -5*i. Give r(l).
-4
Let l(a) = -a**3 + 5*a**2 - 3*a + 3. Let b = -7 - 4. Let z = -7 - b. Give l(z).
7
Let k(n) be the second derivative of n**3/6 + n**2/2 + n. Determine k(-2).
-1
Suppose h + 4*w + 26 = 0, 3*h + 55 = -2*h - 5*w. Let n(i) = -i**2 - 9*i - 9. Calculate n(h).
9
Let w(r) = -4*r + 3 - 3*r + 2*r + 4*r. Give w(3).
0
Let c(v) = 3*v**2 - 8*v + 1. Let h(g) = -6*g**2 + 4*g**2 - 8*g**2 + 25*g - 3. Let i(z) = 7*c(z) + 2*h(z). Calculate i(5).
-4
Suppose 4*b = b - 18. Let w(u) = 2. Let t(p) = p - 6. Let k(q) = -t(q) - 5*w(q). What is k(b)?
2
Suppose -4*v = -z + 24, -3*v = -5*v - 10. Let d(s) = s**2 - 5*s + 6. What is d(z)?
2
Let v = -4 - -6. Let g(a) = 0 - a**2 + 0*a - v*a - 2. Suppose 0 = j + 2*j + 9. Give g(j).
-5
Let t = -2 - -2. Let l(j) = -j**3 + j**2 - j + 2. Let z(i) = -i**3 + i**2 - i + 1. Let q(p) = 3*l(p) - 4*z(p). Calculate q(t).
2
Let r(l) = l. Suppose 4 = 2*v - 4. Suppose v*m + 2*j + 16 = 0, 3*j = 4*m + 11 + 15. Give r(m).
-5
Let b(y) = 5*y**3 - 8*y**2 - 2*y - 11. Let s(i) = 14*i**3 - 23*i**2 - 6*i - 32. Let t(m) = -11*b(m) + 4*s(m). Determine t(5).
8
Let p = -9 - -2. Let q = -3 - p. Suppose 0 = -l + 3*l + q, 5*l = -3*g - 13. Let s(r) = 3*r. Determine s(g).
-3
Suppose 4*c - 12 = 8. Let l(g) be the second derivative of -5/12*g**4 - 2*g - 3/2*g**2 + 0 - 5/6*g**3 - 1/20*g**c. What is l(-3)?
-6
Let g(d) be the first derivative of 4 - 1/3*d**3 + d**2 + d. Give g(-1).
-2
Let l(v) = -2 - 2*v - v**3 + 2 + 4 - 3 - 2*v**2. Calculate l(-2).
5
Let a(c) = c**2 - 8*c - 5. Let m be a(9). Suppose -m - 1 = -5*y. Let n(d) = y + 7*d**2 - 3*d - 5*d**2 + 7*d. Determine n(-3).
7
Let z(f) be the first derivative of -8*f + 5/2*f**2 - 1/4*f**4 - 4 - 5/3*f**3. Give z(-6).
-2
Let d(o) = 2*o - 4. Suppose -t + 4 = 2*z - z, 4*z + 3*t - 11 = 0. Let x be z - (-4 + (1 - -1)). Let a = x - 5. Give d(a).
-12
Let p(w) = 2*w + 4. Let i(b) be the first derivative of b**2/2 + 3*b - 4. Let z(m) = 8*i(m) - 5*p(m). Calculate z(-3).
10
Let q(d) = d - 7. Let j be 497/(-11) - (-2)/11. Let f be (-117)/j - 4/(-10). Calculate q(f).
-4
Let n(r) = -8*r**2 + 7 - 3*r**3 + r - 5*r + 2*r**2 + 2*r**3. What is n(-5)?
2
Let a(b) be the second derivative of b**3/3 - b. Let g(i) be the second derivative of i**4/12 + 2*i**3/3 - 3*i**2/2 - 2*i. Let p be g(-4). Give a(p).
-6
Let m(i) = i - 3. Let n(c) be the second derivative of -c**5/20 + c**3/3 - c**2/2 + c. Suppose -2*u + 2 = -2. Let r be n(u). Calculate m(r).
-8
Let k(v) = 18 - 19 + v**2 - 2*v**2. Suppose -3*q + 3 - 4 = -5*a, a = 2*q + 3. What is k(q)?
-5
Let l(v) = 4 - v**3 - 5*v + 7*v**2 + 9 + 13 - 19. Give l(6).
13
Suppose -z = -4*z. Let i(y) = -1 - 5*y + y**2 + z*y**2 - 2*y**2. Let c(g) = g**2 - 7*g + 5. Let d be c(5). Give i(d).
-1
Let l(g) = -g**2 + 3*g. Let r be (-6)/15 + (-17)/(-5). Let u be (17/2)/((-1)/(-2)). Suppose -r*v - 2*b = -1, 0*b + u = 3*v - 2*b. Determine l(v).
0
Suppose 6*n - 3*n = -u + 20, 0 = 5*u - 10. Suppose q - 9 = -2*q. Let b(r) = 2*r + 3. Let z(k) = -3*k - 2. Let t(l) = q*z(l) + 4*b(l). Give t(n).
0
Let r(u) be the third derivative of u**5/60 - u**3/3 + u**2. What is r(-2)?
2
Let w be (-2 + 2)/((-4)/4). Let f = 2 + w. Let n(y) = y**2 - y - 2. Calculate n(f).
0
Let w(z) be the first derivative of z**3/3 + 4*z**2 + 6*z - 18. Determine w(-7).
-1
Let o(w) = 18*w**2 - 1 + 16*w**2 - 33*w**2 - 3*w. Determine o(5).
9
Let y(r) = -r**3 - 6*r**2 - 3*r + 3. Suppose 0 = 4*t + 12 + 12. Determine y(t).
21
Let x(o) be the second derivative of -o**4/12 + 5*o**3/6 - 5*o**2/2 + 8*o. Calculate x(4).
-1
Let h(p) = -p**2 + 5*p + 2. Let m be h(6). Let v(i) = -2 - 31*i**2 + 66*i**2 - 6*i - 36*i**2. Give v(m).
6
Let v(g) be the second derivative of -g**5/20 + 7*g**4/12 + 4*g**3/3 - 2*g**2 - 2*g. Let d be v(8). Let i(n) = -n - 1. Give i(d).
3
Suppose -4*f - f - 15 = 0. Let m(q) = q - q - 7 - q. Determine m(f).
-4
Let u(a) = -3*a - 10. Let l be u(-4). Let s(p) = -2*p**3 + 2*p**2 + 3*p - 3. Calculate s(l).
-5
Let n(u) = u**3 - u + 2. Let b be n(-2). Suppose 12 = 3*c + 3. Let d(q) = -2*q - c - 4*q**2 + 2*q**3 - 3*q**3 + 0*q**2. Give d(b).
5
Suppose 3*f - 11 = -3*k + 1, -4*k + 5*f + 34 = 0. Let x(s) = 4 - 2*s + 10*s**2 + 6*s - k*s**2 - s**3. Calculate x(5).
-1
Let k(u) = -u + 14. Let c(y) = y - 13. Let z(r) = -3*c(r) - 2*k(r). Determine z(5).
6
Let k(h) = 5*h**2 + 3*h - 9. Let d(b) = 2*b**2 + b - 4. Let a be 3/9 + (-20)/6. Let i(j) = a*k(j) + 7*d(j). Determine i(-2).
-1
Let p(k) = k**3 + 5*k**2 - 7*k - 2. Suppose 3*v = -0*y + y - 14, 3*v + 4*y + 19 = 0. Let a be ((-6)/v)/((-7)/35). Give p(a).
4
Let u(m) = 3*m**3 - 5*m**2 - 6*m - 4. Let i(j) = 13*j**3 - 20*j**2 - 24*j - 17. Let s(f) = 2*i(f) - 9*u(f). Give s(6).
2
Let k(b) = 3*b**2 + b + 6. Let y(g) = 8*g**2 + 3*g + 17. Let s(z) = -11*k(z) + 4*y(z). Let x = -10 - -12. Determine s(x).
0
Suppose -3*t + 7 = -4*a, 3*a - t + 6*t - 31 = 0. Let b(l) = -l - 3 + 3*l**3 - a*l**3 - l**2 + 2. Let d(y) = y**2 - 7*y + 6. Let u be d(6). What is b(u)?
-1
Let t(x) = x**2 - 3*x + 5. Let p(d) = d**2 + d - 1. Let g(o) = 2*p(o) - t(o). What is g(-5)?
-7
Suppose t + 9 = 4*t. Suppose h + 1 = 2*h. Let b(s) = -2 + t*s + h - 3. Calculate b(4).
8
Let w(c) = 10*c**3 + c**2 - c - 1. Suppose -t = -4*t - 3*l + 15, 0 = 4*t - 5*l - 11. Suppose 3*a - 7 = -5*j, -4*j + 4 = -t. Calculate w(a).
-9
Let x(c) = -4*c**2 + 4*c + 8. Let o(q) = 3*q**2 - 5*q - 7. Let g(h) = -3*o(h) - 2*x(h). Give g(6).
11
Let w be ((-9)/27)/((-1)/63). Let b be (-6)/w + (-16)/(-7). Let u(z) = 0*z**2 + 3 + 4*z - 3*z - z**b + 6. Determine u(0).
9
Let f(g) = -g - 10. Let y = -165 - -172. What is f(y)?
-17
Let t(x) be the third derivative of -9*x**2 + 1/3*x**3 + 0*x - 1/120*x**6 - 1/60*x**5 + 0 - 1/24*x**4. Give t(-2).
8
Let l(u) = 7*u + 1. Suppose 4*c - 20 = 3*v, -18 = c - 0*v + 5*v. Let n = 9 - 4. Suppose 3 + c = -n*x. Calculate l(x).
-6
Let w(c) = c + 9. Let l be w(-8). Let m(g) = -1 - g - 1 + l. Calculate m(-3).
2
Let d(u) = 5*u + 0 + 7*u + 3 - 4*u. What is d(-2)?
-13
Let y(n) = n - 5. Let l be y(3). Let p(s) = -s**3 - s**2 + 2*s. Give p(l).
0
Let q(r) = 3*r**2 + 7*r + r**2 - 11 - 3*r**2. Let y be q(-8). Let m(z) = -z**3 - 4*z**2 - 3*z + 4. Give m(y).
4
Let n(r) be the second derivative of 0 - 1/2*r**3 + 1/4*r**4 - 1/20*r**5 - r + 1/2*r**2. What is n(2)?
-1
Let p(u) be the second derivative of u**6/180 - u**5/60 + u**4/8 + u**3/2 - u. Let x(n) be the second derivative of p(n). Calculate x(2).
7
Let u = 30 + 3. Let m(c) = -32 + c**2 - c + u + 5*c. Give m(-4).
1
Let m(z) = 23*z**2 - 4*z + z**3 - 10*z**2 - 15*z**2. Give m(4).
16
Let h(n) be the second derivative of 0 + 1/2*n**3 + 0*n**2 - 2*n + 1/20*n**5 - 5/12*n**4. What is h(4)?
-4
Let q(a) = 11*a**2 - 23*a + 13. Let y(r) = 5*r**2 - 11*r + 6. Let f(d) = 4*q(d) - 9*y(d). Let z be f(7). Let h(p) = -2*p + 2. Determine h(z).
6
Let v be 1/((-45)/40 + 1). Let h(n) = -n**2 - 7*n + 6. Calculate h(v).
-2
Suppose -8*t = -7*t + 5*p - 22, -5*t + 5*p = 40. Let x(s) = -s**3 - s**2 + 5*s + 2. Give x(t).
5
Let x(j) be the second derivative of j**2 + 2*j. Let u(s) = s. Let t(l) = -2*u(l) - x(l). Give t(2).
-6
Let s(x) = 5 - 3*x**2 - x**3 - x + 0*x**3 + 4*x. Let r(n) = -n + 6. Let l(y) = -2*y + 12. Let o(d) = 6*l(d) - 11*r(d). Let z be o(10). Determine s(z).
9
Let a = -6 + 8. Let x(y) = 0*y**2 - 3*y**2 + a*y**2 + y - 3 + 8. What is x(0)?
5
Let n(u) be the second derivative of 2*u**3/3 - 3*u**2/2 + 17*u. Give n(3).
9
Let p(g) be the second derivative of -g**4/12 - g**3/2 + 2*g**2 - 5*g. Let q = -1 + -2. Give p(q).
4
Suppose 2*t - 2*v = -2*t + 12, 5*t = 5*v + 20. Let g(i) = -i**3 + t*i**3 - 3*i - 4*i + 6*i + 3*i**2. What is g(-3)?
3
Let k(c) be the first derivative of -c**3/3 + 3*c**2 + 5*c + 20. Give k(6).
5
Let x(a) = 2*a - 3*a + 7 - 5*a + a**2 - 4. What is x(4)?
-5
Let b(l) = l - 1. Let k be 2/(-5) - 97/(-5). Suppose 0 + k = o. Suppose -4*m = o + 1. What is b(m)?
-6
Let z(b) = 2*b - 5. Suppose -2*v - 8 = -l + 2*v, 0 = 2*